 4*g. Suppose -5*a - n*p = -61, -5*a + 3*p + 24 + 55 = 0. What is the units digit of a?
4
Let c(p) = p**2 + 2. What is the tens digit of c(-5)?
2
Suppose -2*z - 4 = 4. What is the tens digit of (-98)/(-6) + z/(-6)?
1
Suppose 2*y + 2*y - 4 = 0, m = -5*y + 11. Let z(i) = -i + i - 4*i + i - m. What is the units digit of z(-5)?
9
Let k be ((-18)/8)/(3/8). What is the units digit of k*((-1)/(-2) - 1)?
3
Let k(w) = 8*w + 370. What is the hundreds digit of k(0)?
3
Let c = 0 + 1. Suppose c = q - 0*q. Let w = 11 - q. What is the tens digit of w?
1
Let p(m) = -111*m - 2. What is the hundreds digit of p(-1)?
1
Suppose -2*v + 4*v - 4*f + 14 = 0, 3*v = 5*f - 17. Let b(m) = m**2 + 11*m - 4. Let l be b(-8). What is the units digit of l/16*-8*v?
4
Let d = -3 - -7. Suppose -d*c = 12, -4*u - 4 = 5*c + 3. Suppose k = 15 - u. What is the units digit of k?
3
Let u(o) = 4 + 9*o - 3 - 3 - 4. Let c be u(4). What is the units digit of c/25*15/2?
9
Let t = 15 - -2. What is the units digit of t?
7
Let t(q) = 24*q**3 - 3*q**3 + 4*q**3 + q**2 - 2*q**2 + 1. What is the tens digit of t(1)?
2
Let x = 51 - 33. Let t(l) = -l**2 - 8*l + 5. Let j be t(-8). Suppose 7 = j*n - x. What is the units digit of n?
5
Let p = -4 - -5. Let u be (0 - p)/((-2)/(-48)). What is the units digit of (2/(-4))/(2/u)?
6
Let d(y) = -y**3 - 2*y**2 - 10*y - 6. Let q(p) = p**3 + 3*p**2 + 9*p + 6. Suppose 4*w = w - 6. Let m(u) = w*d(u) - 3*q(u). What is the units digit of m(-4)?
6
Let s(r) be the first derivative of -r**4/4 + r**3/3 + r**2/2 + 5*r + 4. Let f be s(0). Suppose g + 17 = -g + f*w, 0 = 5*g - 4*w. What is the units digit of g?
4
Let k = -9 + 32. What is the units digit of k?
3
Let s = 15 - 11. Suppose -s = -d - 2. Suppose 0 = -d*f + 5*f - 9. What is the units digit of f?
3
Let d = -138 + 352. What is the units digit of d?
4
Let d = -36 + 65. What is the tens digit of d/1 + 0/6?
2
Let w(h) be the first derivative of h**4/12 + 2*h**3/3 + 3*h**2 - 3*h + 3. Let g(p) be the first derivative of w(p). What is the units digit of g(-5)?
1
Suppose c = 5*c - 12, 4*a = 4*c + 12. Suppose 81 = a*i - 111. What is the tens digit of i?
3
Let k(z) = z - 6. Let h be k(6). Suppose -4*v - 5*d - 16 = -0*v, -2*v + 5*d + 22 = h. Let a = 2 + v. What is the units digit of a?
3
Let g be 2/(-9) - (-40)/18. Suppose -20 = -33*s + 29*s. Suppose -h + s*h = -g*c + 20, 0 = 4*c - 2*h - 20. What is the units digit of c?
6
Let w(t) = 2*t - 3*t - 2*t + 5 - t. Let z be w(-4). Suppose -3*c + 0*c + z = 4*n, -2*n = c - 5. What is the tens digit of c?
1
Let h(p) = p + 8 - 11*p + 8*p. What is the tens digit of h(-8)?
2
Suppose -3*m = -2*m - 22. What is the tens digit of m?
2
Let l(u) = 6*u + 2. What is the units digit of l(5)?
2
Suppose 3*z = 0, -3*h + 4*z + 35 + 25 = 0. What is the units digit of h?
0
Suppose 0*l - 5*l + 106 = -f, -5*l + 3*f + 98 = 0. What is the tens digit of l?
2
Let n(p) = 5*p + 1 - 4*p + 0. Let r = 21 - 13. What is the units digit of n(r)?
9
Suppose -10*r + 176 = -6*r. What is the tens digit of r?
4
Let q(w) = w**2 + 14*w - 13. Let i be q(-15). What is the units digit of 7*3/6*i?
7
Suppose f = 4 + 13. Let s = -8 + f. What is the units digit of s?
9
Let s(l) = -l**3 - 12*l**2 - 12*l - 1. What is the tens digit of s(-11)?
1
Suppose -3*n + 26 + 316 = 0. Suppose -10*h + 7*h + n = 0. What is the tens digit of h?
3
Suppose 4*k = -3*s + 31, -32 - 16 = -4*s - 4*k. Let q = s + -12. Suppose 2*u = q*u - 6. What is the units digit of u?
2
Let y(u) = -2*u - 9. Let m be y(-8). What is the units digit of (-2)/(12/m - 2)?
7
Suppose w - 2*w = 5*y - 61, 2*w - 2*y - 122 = 0. What is the units digit of w?
1
Let r(j) = -j**3 + 7*j**2 + 2*j. Suppose 0 = 3*y - f - 12 - 14, 4*y - 4*f = 48. What is the units digit of r(y)?
4
Suppose -o = 4*o - 25, -3*o + 470 = 5*g. What is the tens digit of g?
9
Suppose 0*h - 3*h = 0, -4*u = -5*h + 8. Let n be (3/(-2) + 1)*2. What is the units digit of n - u/(-2)*-2?
1
Let y(x) = -2*x**2. Suppose 0 = -8*j + 3*j - 5. Let v be y(j). What is the units digit of (v/(-1))/(-2)*-1?
1
Suppose -w - 14 + 6 = -3*n, -16 = 2*w + 3*n. What is the units digit of (1 - 2) + (-1 - w)?
6
Suppose 8*z = 3*z + 30. Let s(i) = -i**2 + 6*i + 6. Let m be s(z). Let n(l) = 3*l - 4. What is the tens digit of n(m)?
1
Suppose 2*z - 5*r = -0*z + 350, -4*z + 3*r + 728 = 0. What is the hundreds digit of z?
1
Let j(f) = 4*f**3 + f**2 + f - 1. Let w be j(1). Suppose 60 = -w*o - 240. Let s = -43 - o. What is the units digit of s?
7
Suppose -l - h = 2*l - 355, 5*h = 4*l - 467. What is the hundreds digit of l?
1
Suppose 5*x - 2*x - 3 = 0. Let n(d) be the second derivative of 7*d**5/10 + d**4/12 - d**3/6 + 2*d. What is the units digit of n(x)?
4
Let u(q) = q**2 + q - 66. Let f be u(0). Let l = f + 97. What is the units digit of l?
1
Let a be ((-32)/(-10))/((-6)/30). Let w = a + 10. What is the units digit of -2 - w - (1 - 0)?
3
Suppose 0 = -4*s + 527 + 141. What is the hundreds digit of s?
1
Suppose -32*y = -27*y - 35. Let z be (4/5)/((-2)/10). Let a = z + y. What is the units digit of a?
3
Let q(n) = -44*n. Let a be q(-1). Suppose -4*v + 3*d + 22 = -a, 5*d - 82 = -4*v. What is the units digit of v?
8
Let d(f) = -2*f**3 + 6*f**2 - 4*f - 5. What is the hundreds digit of d(-3)?
1
Let q = 30 - 10. Suppose a + a = q. What is the tens digit of 106/a + 6/15?
1
Suppose -9 - 9 = -3*f. Let q = -3 + f. What is the units digit of q?
3
Let d be (1 + -27)/(5 - 3). Let a be 2/((-16)/(-6))*-28. Let c = d - a. What is the units digit of c?
8
Suppose -2 = -0*c - c. Let d be (-2 + 3)/(c/12). What is the units digit of (-4)/d*(-84)/8?
7
Let f(l) = l**3 + 3*l**2 + 37. What is the tens digit of f(0)?
3
What is the hundreds digit of (-2)/(-10) + 4 + (-864)/(-5)?
1
Let b = -104 + 172. What is the tens digit of b?
6
Suppose -2*l + 56 = 2*f - 0*l, 5*f + l - 156 = 0. What is the tens digit of f?
3
Suppose 3*k + 16 = 2*n + k, -n - 4 = 5*k. Let f = n + 2. What is the units digit of f?
8
What is the tens digit of ((-117)/(-5))/(12/40)?
7
Let r = -11 - -15. Suppose -3*m + 0*m - 2*i = -17, -r*m + 36 = -4*i. What is the units digit of m?
7
Let d be (0/3)/(-1 + -1). Let n(u) = -u**2 + u + 4. What is the units digit of n(d)?
4
Suppose -4*j - 3*a = -8*j + 504, -2*j + 242 = a. What is the hundreds digit of j?
1
Let i(j) = -6*j + 1. Let p be i(-5). Let c = -17 + p. What is the units digit of ((-3)/2 - -2)*c?
7
Let o(r) = 1. Let h(x) = x**2 + 8*x - 16. Let k(q) = h(q) + 5*o(q). Suppose -5*b + m = 48, -3*b = -m + 42 - 14. What is the units digit of k(b)?
9
Suppose -2*h - 220 = -7*h + 3*i, -4*h + 4*i + 176 = 0. What is the tens digit of h?
4
Let o = -183 - -407. What is the units digit of o?
4
Let z be 188/(-8)*(0 - 2). Let u = 16 + -8. What is the units digit of u/(-20) - z/(-5)?
9
Suppose 76 = 3*z + 3*s - 2*s, 93 = 4*z + 3*s. What is the tens digit of z?
2
Suppose 3*r - 56 = -17. Let z = -5 - -11. Let p = r - z. What is the units digit of p?
7
Let u = 16 + -22. What is the tens digit of (-66)/u - (2 + -2)?
1
Suppose 31 = -j + 7. Let a = 0 - j. What is the tens digit of a?
2
Let t = 2 - 0. Let l be t*-2*(-110)/8. Suppose 0 = -3*p - 2*p + l. What is the tens digit of p?
1
Let k = 1 - -3. Suppose -n = k*z + z - 20, -3*n = 2*z - 21. What is the units digit of n?
5
Let s be 20/8 - (-1)/2. Suppose s*c + 3 = 12. What is the units digit of c?
3
Let r = 9 + -6. Let w(m) = 6*m - 1 + 2*m**2 - m**2 - r*m. What is the units digit of w(-4)?
3
Suppose 0 = -4*p + 3*n + 54, 0 = -2*p - p - 4*n + 28. Let u = p + -10. What is the units digit of u?
2
What is the units digit of (-84)/(-18) + (-2)/3?
4
Suppose -4*t - 32 = -5*l - 3*t, 3*l = t + 20. What is the units digit of l?
6
Let z be (-2)/(((-9)/60)/3). Suppose 5*w - 35 = z. What is the tens digit of w?
1
Let f(z) = 3*z**3 + 6*z**2 - 7*z + 4. What is the hundreds digit of f(4)?
2
Let p = 3 - 6. Let m = 3 + p. Suppose 2*w - 4*w + 4 = m. What is the units digit of w?
2
Suppose -2*t - 3*t + 150 = 0. What is the units digit of t?
0
Let j = -44 - -67. What is the units digit of j?
3
Let v = 12 + -5. What is the units digit of v?
7
Suppose 0 = -5*w + 33 + 7. What is the units digit of w?
8
Let x(j) = 26*j - 7. What is the units digit of x(5)?
3
Let y(p) = p**3 - 3*p**2 + 5*p + 2. What is the units digit of y(4)?
8
Let i be ((-18)/(-4) + 0)*-4. Suppose 